{"id":894,"date":"2023-03-21T19:42:32","date_gmt":"2023-03-21T19:42:32","guid":{"rendered":"https:\/\/www.robertopierantoni.com.ar\/productos\/?page_id=894"},"modified":"2023-06-28T21:04:21","modified_gmt":"2023-06-28T21:04:21","slug":"linea-de-construccion","status":"publish","type":"page","link":"https:\/\/www.robertopierantoni.com.ar\/productos\/linea-de-construccion\/","title":{"rendered":"L\u00ednea de construcci\u00f3n"},"content":{"rendered":"<section class=\"wpb-content-wrapper\"><p>[vc_row][vc_column width=&#8221;1\/3&#8243;][vc_images_carousel images=&#8221;898,899,900,901&#8243; img_size=&#8221;full&#8221; speed=&#8221;4000&#8243; autoplay=&#8221;yes&#8221; hide_pagination_control=&#8221;yes&#8221; hide_prev_next_buttons=&#8221;yes&#8221; wrap=&#8221;yes&#8221;][ts_section_title align=&#8221;left&#8221; title=&#8221;Hoyadora para 3pts. LHR150&#8243;][vc_column_text]Hoyadora reforzada para el tres puntos del tractor, con mecha de 0,50m de di\u00e1metro por 1,50m de largo.<\/p>\n<p>[vc_btn title=&#8221;Consultar&#8221; style=&#8221;flat&#8221; color=&#8221;inverse&#8221; i_icon_fontawesome=&#8221;fas fa-envelope&#8221; add_icon=&#8221;true&#8221; el_class=&#8221;popmake-1064&#8243;][\/vc_column_text][vc_empty_space][\/vc_column][vc_column width=&#8221;1\/3&#8243;][vc_single_image image=&#8221;1122&#8243; img_size=&#8221;FULL&#8221; onclick=&#8221;link_image&#8221;][ts_section_title align=&#8221;left&#8221; title=&#8221;Cabezal Perforador Hidr\u00e1ulico CPH200&#8243;][vc_column_text]Cabezal perforador hidr\u00e1ulico para aplicar a hidro, retro, etc. Con capacidad de hasta 0,60m de di\u00e1metro y hasta 2m de profundidad.<\/p>\n<p>[vc_btn title=&#8221;Consultar&#8221; style=&#8221;flat&#8221; color=&#8221;inverse&#8221; i_icon_fontawesome=&#8221;fas fa-envelope&#8221; add_icon=&#8221;true&#8221; el_class=&#8221;popmake-1064&#8243;][\/vc_column_text][vc_empty_space][\/vc_column][vc_column width=&#8221;1\/3&#8243;][vc_images_carousel images=&#8221;904,905,906&#8243; img_size=&#8221;full&#8221; speed=&#8221;4000&#8243; autoplay=&#8221;yes&#8221; hide_pagination_control=&#8221;yes&#8221; hide_prev_next_buttons=&#8221;yes&#8221; wrap=&#8221;yes&#8221;][ts_section_title align=&#8221;left&#8221; title=&#8221;Hoyadora LMA&#8221;][vc_column_text]Hoyadora de levante mec\u00e1nico con mecha de hasta 0,50m de di\u00e1metro por 2,50m de largo. Esta unidad puede trabajar combinada con la gr\u00faa G400.<\/p>\n<p>[vc_btn title=&#8221;Consultar&#8221; style=&#8221;flat&#8221; color=&#8221;inverse&#8221; i_icon_fontawesome=&#8221;fas fa-envelope&#8221; add_icon=&#8221;true&#8221; el_class=&#8221;popmake-1064&#8243;][\/vc_column_text][vc_empty_space][\/vc_column][\/vc_row][vc_row][vc_column width=&#8221;1\/3&#8243;][vc_single_image image=&#8221;907&#8243; img_size=&#8221;FULL&#8221; onclick=&#8221;link_image&#8221;][ts_section_title align=&#8221;left&#8221; title=&#8221;Gr\u00faa G400&#8243;][vc_column_text]Se adapta en la parte delantera del tractor, capacidad 450Kg y levanta a 6,50m de altura.<\/p>\n<p>[vc_btn title=&#8221;Consultar&#8221; style=&#8221;flat&#8221; color=&#8221;inverse&#8221; i_icon_fontawesome=&#8221;fas fa-envelope&#8221; add_icon=&#8221;true&#8221; el_class=&#8221;popmake-1064&#8243;][\/vc_column_text][vc_empty_space][\/vc_column][vc_column width=&#8221;1\/3&#8243;][\/vc_column][vc_column width=&#8221;1\/3&#8243;][\/vc_column][\/vc_row]<\/p>\n<\/section>","protected":false},"excerpt":{"rendered":"<p>[vc_row][vc_column width=&#8221;1\/3&#8243;][vc_images_carousel images=&#8221;898,899,900,901&#8243; img_size=&#8221;full&#8221; speed=&#8221;4000&#8243; autoplay=&#8221;yes&#8221; hide_pagination_control=&#8221;yes&#8221; hide_prev_next_buttons=&#8221;yes&#8221; wrap=&#8221;yes&#8221;][ts_section_title align=&#8221;left&#8221; title=&#8221;Hoyadora para 3pts. LHR150&#8243;][vc_column_text]Hoyadora reforzada para el tres puntos del tractor, con mecha de 0,50m de di\u00e1metro por 1,50m de largo. [vc_btn title=&#8221;Consultar&#8221; style=&#8221;flat&#8221; color=&#8221;inverse&#8221; i_icon_fontawesome=&#8221;fas fa-envelope&#8221; add_icon=&#8221;true&#8221; el_class=&#8221;popmake-1064&#8243;][\/vc_column_text][vc_empty_space][\/vc_column][vc_column width=&#8221;1\/3&#8243;][vc_single_image image=&#8221;1122&#8243; img_size=&#8221;FULL&#8221; onclick=&#8221;link_image&#8221;][ts_section_title align=&#8221;left&#8221; title=&#8221;Cabezal Perforador Hidr\u00e1ulico CPH200&#8243;][vc_column_text]Cabezal perforador hidr\u00e1ulico para aplicar a hidro, retro, [&hellip;]<\/p>\n","protected":false},"author":1,"featured_media":0,"parent":0,"menu_order":0,"comment_status":"closed","ping_status":"closed","template":"","meta":{"footnotes":""},"class_list":["post-894","page","type-page","status-publish","hentry"],"acf":[],"_links":{"self":[{"href":"https:\/\/www.robertopierantoni.com.ar\/productos\/wp-json\/wp\/v2\/pages\/894","targetHints":{"allow":["GET"]}}],"collection":[{"href":"https:\/\/www.robertopierantoni.com.ar\/productos\/wp-json\/wp\/v2\/pages"}],"about":[{"href":"https:\/\/www.robertopierantoni.com.ar\/productos\/wp-json\/wp\/v2\/types\/page"}],"author":[{"embeddable":true,"href":"https:\/\/www.robertopierantoni.com.ar\/productos\/wp-json\/wp\/v2\/users\/1"}],"replies":[{"embeddable":true,"href":"https:\/\/www.robertopierantoni.com.ar\/productos\/wp-json\/wp\/v2\/comments?post=894"}],"version-history":[{"count":7,"href":"https:\/\/www.robertopierantoni.com.ar\/productos\/wp-json\/wp\/v2\/pages\/894\/revisions"}],"predecessor-version":[{"id":1123,"href":"https:\/\/www.robertopierantoni.com.ar\/productos\/wp-json\/wp\/v2\/pages\/894\/revisions\/1123"}],"wp:attachment":[{"href":"https:\/\/www.robertopierantoni.com.ar\/productos\/wp-json\/wp\/v2\/media?parent=894"}],"curies":[{"name":"wp","href":"https:\/\/api.w.org\/{rel}","templated":true}]}}